at is k(-26)?
97
Let a(j) = 5*j**2 + 487*j + 186. Give a(-97).
-8
Let b(j) = -2*j**2 + 887*j - 886. Determine b(1).
-1
Let b(a) = a**2 - 1144*a + 11345. What is b(10)?
5
Let t(h) = -2*h**2 - 4*h - 6. What is t(-10)?
-166
Let w(k) = -62*k - 306. What is w(-5)?
4
Let c(o) = -13*o**2 - 1002*o + 3. Give c(-77).
80
Let t(k) = k**3 - 28*k**2 + 48*k + 91. Determine t(26).
-13
Let z(n) = -n**2 + 15*n + 104. What is z(12)?
140
Let u(f) = -42*f - 89. Give u(-2).
-5
Let v(o) = o**3 - 24*o**2 + 28*o - 42. Determine v(23).
73
Let k(o) = 1418*o**2 - 1449*o - 1. Give k(1).
-32
Let y(n) = -242*n + 2306. Determine y(9).
128
Let v(o) = 3*o**3 + 91*o**2 - 165*o - 72. Determine v(-32).
88
Let p(h) = h**2 - 10*h - 326. Calculate p(-12).
-62
Let n(u) = 29*u + 660. Determine n(-22).
22
Let l(v) = 5*v**3 - 40*v**2 - 114*v + 26. What is l(10)?
-114
Let q(n) = -n**2 + 42*n + 32. Give q(0).
32
Let m(a) = 157*a + 36. Determine m(-2).
-278
Let m(v) = 3*v**3 + 9*v**2 - 42*v + 36. Give m(2).
12
Let i(b) = -5*b**3 - 59*b**2 + 17*b + 67. Calculate i(-12).
7
Let c(k) = 6*k**2 + 3431*k - 6859. Give c(2).
27
Let w(a) = -a**3 + 44*a**2 - 81*a - 89. Determine w(42).
37
Let c(x) = x**3 + 13*x**2 + 20*x + 28. What is c(0)?
28
Let h(l) = 333*l**3 + 2*l**2 - 13*l - 15. Calculate h(-1).
-333
Let q(d) = 1181*d + 1180. Determine q(-1).
-1
Let t(b) = -b**2 - 77*b - 565. Calculate t(-59).
497
Let k(t) = 30*t - 2007. What is k(67)?
3
Let f(j) = -58*j + 1216. Give f(21).
-2
Let t(k) = -4*k**2 - 78*k - 204. Calculate t(-17).
-34
Let a(o) = -11*o**2 + 2988*o + 4101. Calculate a(273).
6
Let h(j) = 3*j**3 + 68*j**2 - 261*j - 56. Calculate h(-26).
-30
Let j(l) = 601*l - 3586. What is j(6)?
20
Let r(h) = -211*h - 1065. What is r(-5)?
-10
Let b(l) = -8*l + 81. Calculate b(-31).
329
Let v(b) = -11*b**3 - 3*b**2 - 9*b + 83. Determine v(3).
-268
Let x(l) = l**3 - 7*l**2 - 94*l + 652. Give x(10).
12
Let w(q) = -11*q**3 - 5*q**2 + 5*q - 17. Calculate w(3).
-344
Let w(z) = z**2 + 123*z + 585. Determine w(-5).
-5
Let i(n) = 232*n - 3411. Determine i(15).
69
Let w(h) = h**3 - 24*h**2 + 18*h + 77. Calculate w(23).
-38
Let f(c) = c**3 + 3*c**2 - 10*c + 32. What is f(0)?
32
Let n(d) = -65*d - 256. Determine n(-4).
4
Let t(i) = -14*i - 190. Calculate t(-15).
20
Let h(n) = -44*n**2 + 179*n - 16. Determine h(4).
-4
Let r(w) = 3*w**2 + 183*w - 373. What is r(2)?
5
Let r(k) = -k**3 + 2*k**2 - 87*k - 295. What is r(-3)?
11
Let d(o) = -o**3 - 61*o**2 - 2*o - 121. What is d(-61)?
1
Let f(b) = 51*b**2 - 236*b - 85. Give f(5).
10
Let x(v) = v**3 - 61*v**2 - 390*v + 74. What is x(-6)?
2
Let o(f) = -f**2 - 23*f - 13. What is o(-16)?
99
Let y(r) = -12*r - 505. Calculate y(-39).
-37
Let k(b) = -349*b - 700. What is k(-2)?
-2
Let p(l) = l**2 + 42*l + 328. Calculate p(-32).
8
Let c(f) = 33*f + 1905. Determine c(-66).
-273
Let r(d) = -16784*d + 5. Calculate r(0).
5
Let i(h) = -8*h**3 + 193*h**2 + 767*h - 4. What is i(-4)?
528
Let r(t) = -t**3 + 120*t**2 + 236*t + 995. Give r(122).
19
Let n(i) = -794*i - 11948. Give n(-15).
-38
Let p(b) = -3*b**3 - 53*b**2 - 173*b - 2390. Calculate p(-17).
-27
Let r(g) = g**3 + 31*g**2 + 42*g + 358. Give r(-30).
-2
Let k(x) = -3*x**2 - 816*x - 5691. Give k(-7).
-126
Let n(i) = 91*i - 236. Calculate n(7).
401
Let q(i) = 5*i**2 - 3*i + 24. Give q(4).
92
Let y(n) = 25*n**2 - 160*n - 73. Calculate y(7).
32
Let h(o) = -2*o**2 - 92*o - 1038. Determine h(-26).
2
Let v(s) = s**3 + 36*s**2 + 60*s - 312. Give v(-34).
-40
Let g(d) = -2*d**2 - 26*d - 43. What is g(-14)?
-71
Let g(w) = -4*w**2 - 267*w - 188. What is g(-66)?
10
Let i(k) = -k**2 + 5*k - 45. Give i(5).
-45
Let n(z) = -5*z**2 - 11*z + 53. Calculate n(3).
-25
Let t(m) = 6*m**2 - 16*m + 7. What is t(2)?
-1
Let a(z) = z**3 + 33*z**2 + 29*z - 34. Calculate a(-32).
62
Let y(a) = -a**2 - 356*a + 13688. Give y(35).
3
Let s(r) = 4*r**2 + 13*r - 107. Determine s(-10).
163
Let h(j) = 27*j**2 - 227*j + 6. What is h(7)?
-260
Let n(y) = -62*y - 87. Give n(-1).
-25
Let a(r) = r**2 - 15*r - 229. Give a(13).
-255
Let t(h) = 2*h**3 + 49*h**2 + 4*h - 478. Determine t(-24).
2
Let c(a) = a**3 - 8*a**2 - 28*a - 303. Give c(0).
-303
Let t(a) = -4*a**2 - 629*a + 1893. Determine t(3).
-30
Let h(r) = -r**3 - 28*r**2 - 159*r + 1. Give h(-20).
-19
Let x(m) = -383*m - 11106. Give x(-29).
1
Let t(c) = -160*c + 3722. Calculate t(23).
42
Let z(g) = -90*g + 468. What is z(9)?
-342
Let q(r) = 17*r + 325. Calculate q(-20).
-15
Let a(c) = 8*c**2 + 4. Calculate a(-7).
396
Let i(r) = -r**3 - 5*r**2 + 34*r - 11. Calculate i(4).
-19
Let n(g) = -2*g**2 - 33*g - 3. Give n(-22).
-245
Let b(c) = -81*c + 642. Calculate b(8).
-6
Let y(p) = -145*p - 1277. What is y(-9)?
28
Let c(n) = n**3 + 2*n**2 - 113*n + 138. Determine c(9).
12
Let t(f) = -f**3 - 8*f**2 - 23*f - 29. What is t(-4)?
-1
Let t(x) = 15*x + 28. Determine t(-4).
-32
Let i(g) = -g**3 - 85*g**2 - 71*g + 367. Calculate i(-84).
-725
Let a(h) = 6*h**3 + 281*h**2 - 53*h - 91. Calculate a(-47).
191
Let s(w) = w**3 + 15*w**2 + w - 46. Give s(-14).
136
Let x(f) = -f**3 - 81*f**2 - 640*f + 546. What is x(-72)?
-30
Let i(k) = -k**2 - 77*k + 420. Give i(-60).
1440
Let c(p) = 2*p**2 - 13*p - 641. Give c(-15).
4
Let g(d) = -d**3 + 557*d**2 - 9700*d - 27. What is g(18)?
9
Let f(o) = 47*o**2 - 237*o + 11. What is f(5)?
1
Let a(c) = -1498*c + 10501. Give a(7).
15
Let d(v) = -v**3 + 11*v**2 - 166. Calculate d(9).
-4
Let s(d) = d**3 + 24*d**2 + 58*d - 108. Give s(-21).
-3
Let u(a) = -a**3 - 12*a**2 - 16*a - 19. Calculate u(-10).
-59
Let y(s) = s**2 + 313*s - 2260. Give y(7).
-20
Let r(q) = q**3 - 31*q**2 - 418*q - 1824. Calculate r(42).
24
Let j(m) = -m**2 + 40*m - 294. Give j(17).
97
Let l(n) = -229*n + 24037. Calculate l(105).
-8
Let l(t) = t**2 - 123*t + 1324. Determine l(12).
-8
Let p(g) = -g**2 - 2*g + 9. What is p(-7)?
-26
Let n(o) = -3899*o - 39005. Calculate n(-10).
-15
Let u(t) = 75*t - 3899. Give u(52).
1
Let h(d) = -2*d**3 + 38*d**2 + 48*d - 908. Calculate h(19).
4
Let j(b) = -45*b + 239. Give j(5).
14
Let c(s) = 3*s**2 - 56*s + 124. Calculate c(15).
-41
Let y(f) = -151*f - 2862. What is y(-19)?
7
Let i(j) = -2*j**2 - 67*j + 305. Determine i(4).
5
Let y(c) = -c**2 - 9*c + 12. What is y(-17)?
-124
Let o(l) = 14*l**2 - 163*l + 21. Calculate o(11).
-78
Let c(a) = 9*a**2 + 70*a + 96. What is c(-5)?
-29
Let j(w) = -w**3 - 9*w**2 + 6*w - 120. Calculate j(-12).
240
Let c(x) = x**3 + 12*x**2 + 24. Calculate c(-11).
145
Let j(y) = -6*y**2 + 1448*y - 48323. Give j(40).
-3
Let l(c) = c**3 + 27*c**2 - 10*c - 268. Give l(-27).
2
Let p(t) = 3*t**2 + 868*t - 1742. What is p(2)?
6
Let w(k) = 4*k**3 - 20*k**2 - 15*k - 44. Give w(6).
10
Let z(q) = -7*q**2 - 11*q + 19. Give z(-7).
-247
Let q(g) = 15*g**2 - 3*g + 19. Determine q(3).
145
Let h(t) = t**3 + 35*t**2 - 220*t - 7702. Determine h(-35).
-2
Let k(g) = -5*g**3 - 444*g**2 + 88*g - 105. What is k(-89)?
-16
Let i(v) = -10*v + 1149. Give i(113).
19
Let a(p) = -3*p**2 + 212*p - 2838. Determine a(18).
6
Let x(g) = -7*g**2 - 15*g + 6. Give x(-10).
-544
Let x(u) = -259*u - 9052. Determine x(-35).
13
Let z(y) = -y**3 - 4*y**2 + 7*y + 31. Give z(-3).
1
Let l(y) = 23*y + 211. What is l(-7)?
50
Let o(x) = x**3 + 8*x**2 - 209*x - 872. Give o(-4).
28
Let l(d) = 4*d**2 + 48*d - 2. Give l(-9).
-110
Let v(d) = -22*d**2 + 15*d + 10. Determine v(3).
-143
Let r(j) = -j**3 + 12*j**2 + 181*j - 426. What is r(20)?
-6
Let a(c) = 5736*c - 5729. What is a(1)?
7
Let x(i) = -5*i**2 - 24*i + 72. What is x(7)?
-341
Let g(n) = n**3 + 13*n**2 + 43*n + 35. Calculate g(-9).
-28
Let u(n) = 5*n**2 + 44*n + 21. Give u(-8).
-11
Let d(t) = 50*t**2 - 8402*t + 329. Calculate d(168).
-7
Let m(d) = 21*d - 33. Determine m(3).
30
Let p(m) = -96*m - 91. Give p(-2).
101
Let v(l) = l**3 - 2*l**2 - 15*l + 202. What is v(-6)?
4
Let x(f) = -33*f**2 + 757*f + 39. What is x(23)?
-7
Let z(p) = p**3 - 29*p**2 - 37*p + 99. What is z(30)?
-111
Let y(h) = 8*h + 3. Determine y(-13).
-101
Let h(j) = -j**2 - 60*j - 42. Give h(-61).
-103
Let h(p) = 26*p + 64. Determine h(3).
142
Let y(b) = 2*b**2 - 52*b - 245. Give y(-4).
-5
Let g(u) = 43*u**2 + u + 3. Calculate g(-1).
45
Let w(r) = -22*r - 1785. Calculate w(-78).
-69
Let n(c) = -10*c**2 + 26*c - 12. Give n(8).
-444
Let o(d) = -d**2 - 30*d + 113. Determine o(-34).
-23
Let k(w) = 1653*w - 6. Calculate k